ands digit of ((-30)/4)/(-15)*s?
1
Let m(z) = 5*z - 28 - 10*z + 2*z + 6*z. Let u be m(11). Suppose r + 484 = 3*t - 4*r, u*r + 25 = 0. What is the units digit of t?
3
Let i = -160 + 53. Let g = 1084 - 891. Let p = g + i. What is the tens digit of p?
8
Suppose -2*o + 5*k + 946 + 16184 = 0, -34290 = -4*o - 5*k. What is the units digit of o?
0
Let o = 3795 + 7755. Suppose 344*t - 338*t = o. What is the tens digit of t?
2
Let y be (2 + -159809)/((-13 - 5)/6). Suppose -1942 = -31*d + y. What is the thousands digit of d?
1
Let g(n) = 71*n**2 + 94*n + 243. What is the tens digit of g(-21)?
8
Suppose 158*r - 8559144 = -106*r. What is the tens digit of r?
2
Let q(f) = 6*f**3 + 2*f. Let j be q(4). Let z = j + -155. Suppose -3*g + z = 60. What is the units digit of g?
9
Let b(n) = 5*n - 43. Let l be b(37). Let s = l + -16. What is the units digit of s?
6
Suppose -4*d - 114 = -5*d. Suppose 0 = -3*q - 2*o + 104, 7*o + d = 3*q + 4*o. Suppose 97 = a - q. What is the tens digit of a?
3
Let y(k) = -1411*k - 137. What is the tens digit of y(-14)?
1
Let b = -1126 + -116. Let n = 1777 + b. What is the hundreds digit of n?
5
Let w be 26 + -26 - (-66)/1. Suppose -945 = w*h - 69*h. What is the units digit of h?
5
Let a(m) = -14*m - 60. Let w be a(-9). Suppose -w = -g + 50. What is the hundreds digit of g?
1
Let r = 63 + -60. Let y be r/(12/(-8) + 3). Suppose 130 = y*g + o, 0 = 2*g - 5*o - 176 + 22. What is the units digit of g?
7
Let m(a) = a + 3. Let c be m(-3). Let t(y) = y**2 - 2*y + 44. What is the tens digit of t(c)?
4
Let y(n) = -n**3 + 4*n + 4056. Let b be y(0). Suppose -8*m + b = 1216. What is the hundreds digit of m?
3
What is the units digit of ((-20)/8)/5*-35798 + -5 + 3?
7
Let p(t) = t**3 - 2*t**2 - 4*t. Let s be p(-3). Let g = s + 35. Suppose g*l + 4 = 28. What is the units digit of l?
2
What is the hundreds digit of (-596)/894 - 107008/(-6)?
8
What is the hundreds digit of 24/(-312) - (-551256)/52?
6
Let p(t) = 1413*t**3 + 2*t**2 + 11*t - 12. What is the units digit of p(1)?
4
Let x = -217 - -236. Let w(g) = -g**3 - 7*g**2 - 9*g - 6. Let o be w(-7). Let n = o + x. What is the units digit of n?
6
Let m(j) = -j**2 - 306*j + 14. What is the hundreds digit of m(-15)?
3
Suppose 0 = -3*s - 2*y + 44 - 1007, -s - 332 = -3*y. Let l = s + 426. What is the hundreds digit of l?
1
Let x = 383 + -359. Suppose x*b - b - 26197 = 0. What is the tens digit of b?
3
Let t(q) = 2*q**3 - 4*q**2 + 3*q - 1. Let n be t(2). Let y be 5 + -3 + n + 13. What is the units digit of 1 + -1 - (y + -72)?
2
Let w = 28 + 83. Suppose 0 = -9*y + 87 + w. What is the units digit of y?
2
Let s(p) = 338*p**2 - 4*p + 115. What is the ten thousands digit of s(-11)?
4
Suppose 6*k - 16 = 2*k. Suppose v = -k*v + 295. Suppose 0 = 5*d - v - 351. What is the tens digit of d?
8
Suppose -610 + 610 = 2*k. Let u(f) = 26*f + 4. Let i be u(3). Suppose k = -5*l + 2*m + 436, 5*m - 247 = -4*l + i. What is the units digit of l?
6
Suppose 2*q + q + 33 = 0. Let y(o) = 19 - 8*o**2 - 13*o**2 + 2*o + 22*o**2. What is the hundreds digit of y(q)?
1
Let q = -55 - -118. Let l = q + -71. What is the units digit of ((-308)/l - 1)*2?
5
Let w(z) = -29*z + 48. Let r be w(1). Suppose -r*p + 10*p = -11430. What is the units digit of p?
0
Let b(f) = -f**2 + 4*f + 4. Suppose -2*k + 5*k + 5*q - 34 = 0, q = -4*k + 17. Let s be b(k). What is the hundreds digit of (104/5)/(s + (-136)/20)?
1
Let k = 642 - -21977. What is the ten thousands digit of k?
2
Let d be (2 + 52/10)*(-22 - -2). What is the tens digit of (4/(48/(-153)))/(3/d)?
1
Suppose n = -4*z + 1213, -3*n + 3699 = z - 4*z. Suppose 115 + n = 2*k. What is the hundreds digit of k?
6
Let z(j) = -j**2 + 57*j - 361. Let f be z(45). Let y = f - -619. What is the units digit of y?
8
Suppose -k + 3*u + 4 = -3*k, -2*u - 16 = -2*k. Suppose -5*c + 3*i - k*i + 4365 = 0, -4*c = 3*i - 3492. What is the units digit of c?
3
Suppose -i + 10 = -3*d, 5*d = 2*i + 4 - 26. Let a be (4 + (-60)/i)*8. What is the tens digit of 1309/14 + 1/a?
9
Let f(t) = 6*t**2 - 9*t + 40. Let u be f(9). Suppose -4*d + 1368 = 4*k - k, k - u = -5*d. What is the hundreds digit of k?
4
Let m(y) = -y**2 + 5*y + 5. Let b be m(5). Suppose q - 5*q + b*n = -240, 49 = q - 4*n. Let a = 25 + q. What is the tens digit of a?
9
Suppose -w - w - 5*d = -71701, 3*w - 107540 = 4*d. What is the thousands digit of w?
5
Suppose 0 = -g + 4*n - 51, 3*g - 2*n = 2*g - 41. Let s = 33 + g. Let o(l) = 3*l**2 - 2*l + 2. What is the units digit of o(s)?
0
Suppose 200*z - 58356 = 194*z. What is the hundreds digit of z?
7
What is the thousands digit of (-11775348)/(-650) - 12/(-150)?
8
Suppose -67507 = -3*g - 3*c + 17093, -3*c + 28202 = g. What is the tens digit of g?
9
Suppose -5*w + 45 = -l - 13, 4*l + 202 = 5*w. What is the units digit of (-6)/8 - 1716/l?
5
Suppose -2*a = -4*o + 444, 4*o - 301 = -3*a + 123. Suppose 11*m - 34 = o. Suppose m*l - 875 = 6*l. What is the tens digit of l?
2
Suppose 5*f - 158 = 4*q - 2121, -f - 2*q - 387 = 0. What is the tens digit of (-20)/(-15)*(-12)/8 - f?
8
Let f = -2309 + 315. Let p = -673 - f. What is the thousands digit of p?
1
Let z = 313 - 475. Let u = z - -337. Let j = u - -91. What is the units digit of j?
6
What is the units digit of (-2210)/(-119) + -18 + 54144/14?
8
Let g(h) = -h**3 + 7*h**2 + 9*h - 4. Let y be g(8). Suppose 0 = -r + 4, 3*k - y*k + 101 = 5*r. Let l = 145 - k. What is the tens digit of l?
6
Let k be (14232/18)/((-4)/(-9)). Suppose g - 3*p - 367 + 0 = 0, 5*g = p + k. What is the units digit of g?
5
What is the tens digit of 866*(84/(-7) + 14)?
3
Let f = 298 + -297. What is the hundreds digit of ((-198)/165)/(f/(-505))?
6
Suppose -5*d - 15017 + 1910 = -2*r, 0 = 6*d - 30. What is the thousands digit of r?
6
What is the ten thousands digit of 45752 - ((154/55)/14)/(2/40)?
4
Let c be ((-34)/(-10))/(-1 + (-6)/(-5)). Let f(y) = -y**3 + 18*y**2 - 15*y - 13. Let s be f(c). Let o = s + 18. What is the units digit of o?
9
Suppose -3*f - 2 = 5*u, f = 5*f + 16. Let p be 9128/(-63) + u/(-18). Let t = -4 - p. What is the tens digit of t?
4
Suppose -698168 + 5721865 = 197*l. What is the thousands digit of l?
5
Suppose 0 = 4*s - 660 + 644. Suppose -5*g + 6*g - 20 = s*h, -5*g + 176 = -h. What is the units digit of g?
6
What is the thousands digit of (3047/5)/(54/270)?
3
Let t be ((-75)/20 - -2) + 3/(-12). What is the tens digit of ((-55)/(-3) + t)/(3/153)?
3
What is the hundreds digit of 2 + 7 + (6220 - 147)?
0
Let b(r) = 66*r**2 + 110*r - 795. What is the hundreds digit of b(7)?
2
Let k be (4 - -1)*4/(-5). Let n be -92 + 4/k + -3. Let a = 145 + n. What is the tens digit of a?
4
Let o(r) be the third derivative of -95*r**4/12 - 31*r**3/6 + 51*r**2 - 2*r. What is the hundreds digit of o(-3)?
5
Let m be (-5)/(1/(-472)*10). Let p(z) = 26*z - 2. Let x be p(-5). Let k = x + m. What is the hundreds digit of k?
1
Let c(k) = 12*k**2 + 9*k + 1. Suppose 2*s + 4*f - 106 = 0, 0 = -7*s + 8*s + 3*f - 58. Suppose 8*q - 11 + s = 0. What is the hundreds digit of c(q)?
1
Suppose -5*q = 5*l - 20445, 0 = q + 5 - 6. Suppose 4*m - l = -1580. What is the units digit of m?
7
Let v(l) = -l**3 - 25*l**2 - 27*l + 40. Let m be v(-24). What is the units digit of 1/1*(m - 1)?
1
Suppose -2*d = 2*d - 16. Let s(g) = 17*g - 15 - d*g + 4*g**2 - 2*g**2 + 0*g. What is the units digit of s(-8)?
9
Let s = 564 + -562. Let v(i) = 766*i - 33. What is the thousands digit of v(s)?
1
Let n be 25/50*(18 + 0). Suppose 0 = 3*x - 12, 5*l + n*x - 4925 = 4*x. What is the hundreds digit of l?
9
Suppose -5*r + 0 = 15, -3*n = -5*r - 45. Let k = n - 289. Let g = k + 474. What is the units digit of g?
5
Let o(x) = 6330*x + 35. Let m be o(1). Suppose -1325 = 15*l - m. What is the units digit of l?
6
Let j(q) = q**3 - 12*q**2 + 11*q + 3. Let k be j(11). Suppose 4*g - k*g = -5. What is the tens digit of ((-106)/g)/((-2)/(-5))?
5
Let k(o) = -4*o**2 - 3*o - 4. Let c be k(-3). Let v = c + 33. What is the tens digit of ((-14)/35)/(v/(-390))?
7
Let h(l) = -l**2 + 5*l. Let t be h(5). Let w(o) = 3 + 5 + t*o - 3*o + 2*o**2 - 3. What is the units digit of w(-6)?
5
Let w(i) = -2*i**3 - 10*i**2 + 11*i + 1. Let o be w(-6). What is the hundreds digit of 1027 + (10/14)/(1/o)?
0
Let g be ((-4)/3)/(90/53595). Let x = g - -1314. What is the hundreds digit of x?
5
What is the ten